alculate the remainder when 1123 is divided by 189.
178
What is the remainder when 477 is divided by 263?
214
What is the remainder when 471 is divided by 25?
21
What is the remainder when 2279 is divided by 10?
9
Calculate the remainder when 1298 is divided by 46.
10
Calculate the remainder when 2973 is divided by 24.
21
Calculate the remainder when 2031 is divided by 500.
31
What is the remainder when 63 is divided by 14?
7
What is the remainder when 417 is divided by 11?
10
Calculate the remainder when 1019 is divided by 31.
27
What is the remainder when 332 is divided by 67?
64
Calculate the remainder when 22098 is divided by 17.
15
Calculate the remainder when 239 is divided by 41.
34
What is the remainder when 159 is divided by 18?
15
What is the remainder when 437 is divided by 49?
45
What is the remainder when 513 is divided by 21?
9
Calculate the remainder when 112 is divided by 11.
2
What is the remainder when 1068 is divided by 98?
88
What is the remainder when 119 is divided by 27?
11
What is the remainder when 1169 is divided by 65?
64
What is the remainder when 218 is divided by 55?
53
What is the remainder when 246 is divided by 194?
52
Calculate the remainder when 247 is divided by 28.
23
Calculate the remainder when 74 is divided by 13.
9
What is the remainder when 193 is divided by 3?
1
Calculate the remainder when 153 is divided by 112.
41
Calculate the remainder when 1217 is divided by 48.
17
What is the remainder when 132 is divided by 8?
4
What is the remainder when 120 is divided by 8?
0
What is the remainder when 173 is divided by 16?
13
Calculate the remainder when 2449 is divided by 19.
17
Calculate the remainder when 1531 is divided by 35.
26
Calculate the remainder when 452 is divided by 24.
20
Calculate the remainder when 23 is divided by 13.
10
What is the remainder when 3018 is divided by 602?
8
What is the remainder when 938 is divided by 193?
166
What is the remainder when 3725 is divided by 3?
2
Calculate the remainder when 28438 is divided by 40.
38
Calculate the remainder when 444 is divided by 14.
10
Calculate the remainder when 261 is divided by 38.
33
What is the remainder when 354 is divided by 40?
34
What is the remainder when 1227 is divided by 1222?
5
Calculate the remainder when 473 is divided by 7.
4
What is the remainder when 1340 is divided by 11?
9
Calculate the remainder when 2227 is divided by 29.
23
Calculate the remainder when 1241 is divided by 83.
79
What is the remainder when 645 is divided by 27?
24
What is the remainder when 34 is divided by 25?
9
What is the remainder when 440 is divided by 9?
8
What is the remainder when 387 is divided by 131?
125
Calculate the remainder when 279 is divided by 41.
33
Calculate the remainder when 618 is divided by 201.
15
What is the remainder when 1459 is divided by 18?
1
What is the remainder when 66 is divided by 10?
6
Calculate the remainder when 76 is divided by 28.
20
Calculate the remainder when 47 is divided by 35.
12
What is the remainder when 851 is divided by 280?
11
Calculate the remainder when 214 is divided by 4.
2
Calculate the remainder when 198 is divided by 47.
10
What is the remainder when 127 is divided by 41?
4
Calculate the remainder when 41 is divided by 28.
13
What is the remainder when 219 is divided by 53?
7
What is the remainder when 35 is divided by 7?
0
What is the remainder when 99 is divided by 68?
31
Calculate the remainder when 2137 is divided by 19.
9
What is the remainder when 9322 is divided by 16?
10
What is the remainder when 108 is divided by 34?
6
What is the remainder when 344 is divided by 111?
11
What is the remainder when 38 is divided by 3?
2
What is the remainder when 152 is divided by 31?
28
Calculate the remainder when 5039 is divided by 297.
287
What is the remainder when 363 is divided by 14?
13
What is the remainder when 179 is divided by 98?
81
Calculate the remainder when 31 is divided by 8.
7
Calculate the remainder when 1609 is divided by 52.
49
What is the remainder when 207 is divided by 44?
31
What is the remainder when 389 is divided by 66?
59
Calculate the remainder when 47 is divided by 4.
3
Calculate the remainder when 474 is divided by 32.
26
What is the remainder when 422 is divided by 85?
82
Calculate the remainder when 95 is divided by 38.
19
What is the remainder when 426 is divided by 123?
57
What is the remainder when 3359 is divided by 199?
175
Calculate the remainder when 34 is divided by 7.
6
Calculate the remainder when 623 is divided by 12.
11
Calculate the remainder when 316 is divided by 118.
80
What is the remainder when 184 is divided by 43?
12
What is the remainder when 167 is divided by 103?
64
Calculate the remainder when 1597 is divided by 414.
355
What is the remainder when 279 is divided by 71?
66
What is the remainder when 585 is divided by 55?
35
What is the remainder when 1836 is divided by 612?
0
Calculate the remainder when 10958 is divided by 87.
83
What is the remainder when 278 is divided by 142?
136
Calculate the remainder when 16914 is divided by 85.
84
Calculate the remainder when 1876 is divided by 54.
40
What is the remainder when 121 is divided by 42?
37
Calculate the remainder when 224 is divided by 38.
34
What is the remainder when 265 is divided by 13?
5
What is the remainder when 290 is divided by 95?
5
Calculate the remainder when 35308 is divided by 5.
3
Calculate the remainder when 245 is divided by 74.
23
Calculate the remainder when 493 is divided by 50.
43
Calculate the remainder when 346 is divided by 58.
56
What is the remainder when 2098 is divided by 210?
208
Calculate the remainder when 61 is divided by 30.
1
What is the remainder when 965 is divided by 8?
5
What is the remainder when 1341 is divided by 274?
245
Calculate the remainder when 2521 is divided by 838.
7
What is the remainder when 1703 is divided by 240?
23
What is the remainder when 550 is divided by 92?
90
Calculate the remainder when 1907 is divided by 634.
5
What is the remainder when 6458 is divided by 170?
168
What is the remainder when 1475 is divided by 82?
81
Calculate the remainder when 227 is divided by 76.
75
What is the remainder when 219 is divided by 10?
9
Calculate the remainder when 858 is divided by 172.
170
Calculate the remainder when 1436 is divided by 144.
140
What is the remainder when 50 is divided by 17?
16
Calculate the remainder when 764 is divided by 51.
50
Calculate the remainder when 597 is divided by 25.
22
Calculate the remainder when 14833 is divided by 115.
113
Calculate the remainder when 455 is divided by 78.
65
Calculate the remainder when 1112 is divided by 21.
20
What is the remainder when 434 is divided by 15?
14
What is the remainder when 41 is divided by 17?
7
What is the remainder when 182 is divided by 58?
8
What is the remainder when 814 is divided by 161?
9
What is the remainder when 36 is divided by 10?
6
Calculate the remainder when 653 is divided by 108.
5
Calculate the remainder when 589 is divided by 83.
8
What is the remainder when 4 is divided by 2?
0
What is the remainder when 157 is divided by 35?
17
What is the remainder when 57 is divided by 12?
9
What is the remainder when 313 is divided by 153?
7
Calculate the remainder when 123 is divided by 112.
11
What is the remainder when 1543 is divided by 513?
4
What is the remainder when 391 is divided by 101?
88
Calculate the remainder when 362 is divided by 107.
41
What is the remainder when 17 is divided by 9?
8
Calculate the remainder when 348 is divided by 32.
28
Calculate the remainder when 143 is divided by 71.
1
What is the remainder when 26 is divided by 14?
12
What is the remainder when 1224 is divided by 35?
34
Calculate the remainder when 2516 is divided by 87.
80
What is the remainder when 386 is divided by 353?
33
Calculate the remainder when 108 is divided by 23.
16
What is the remainder when 2037 is divided by 17?
14
Calculate the remainder when 170 is divided by 7.
2
Calculate the remainder when 3126 is divided by 120.
6
Calculate the remainder when 644 is divided by 301.
42
Calculate the remainder when 1308 is divided by 155.
68
What is the remainder when 146 is divided by 25?
21
What is the remainder when 155 is divided by 21?
8
Calculate the remainder when 